{"id":740,"date":"2025-10-16T13:26:42","date_gmt":"2025-10-16T13:26:42","guid":{"rendered":"https:\/\/juragrund.de\/?page_id=740"},"modified":"2025-10-27T21:50:39","modified_gmt":"2025-10-27T21:50:39","slug":"stellungnahme-hegewald-2025","status":"publish","type":"page","link":"https:\/\/juragrund.de\/?page_id=740","title":{"rendered":"Stellungnahme Hegewald 2025"},"content":{"rendered":"\t\t<div data-elementor-type=\"wp-page\" data-elementor-id=\"740\" class=\"elementor elementor-740\" data-elementor-post-type=\"page\">\n\t\t\t\t<div class=\"elementor-element elementor-element-f9c9004 e-flex e-con-boxed e-con e-parent\" data-id=\"f9c9004\" data-element_type=\"container\" data-e-type=\"container\">\n\t\t\t\t\t<div class=\"e-con-inner\">\n\t\t\t\t\t<\/div>\n\t\t\t\t<\/div>\n\t\t<div class=\"elementor-element elementor-element-475f5d9 e-flex e-con-boxed e-con e-parent\" data-id=\"475f5d9\" data-element_type=\"container\" data-e-type=\"container\">\n\t\t\t\t\t<div class=\"e-con-inner\">\n\t\t\t\t<div class=\"elementor-element elementor-element-dc0ab9f elementor-align-center elementor-widget elementor-widget-button\" data-id=\"dc0ab9f\" data-element_type=\"widget\" data-e-type=\"widget\" data-widget_type=\"button.default\">\n\t\t\t\t<div class=\"elementor-widget-container\">\n\t\t\t\t\t\t\t\t\t<div class=\"elementor-button-wrapper\">\n\t\t\t\t\t<a class=\"elementor-button elementor-button-link elementor-size-sm\" href=\"https:\/\/vdd-nordbayern.de\/onewebmedia\/Brief%20HW%20Herbert%20Tretter.pdf\">\n\t\t\t\t\t\t<span class=\"elementor-button-content-wrapper\">\n\t\t\t\t\t\t\t\t\t<span class=\"elementor-button-text\">Stellungnahme VDD Nordbayern<\/span>\n\t\t\t\t\t<\/span>\n\t\t\t\t\t<\/a>\n\t\t\t\t<\/div>\n\t\t\t\t\t\t\t\t<\/div>\n\t\t\t\t<\/div>\n\t\t\t\t<div class=\"elementor-element elementor-element-e37d80d elementor-widget elementor-widget-heading\" data-id=\"e37d80d\" data-element_type=\"widget\" data-e-type=\"widget\" data-widget_type=\"heading.default\">\n\t\t\t\t<div class=\"elementor-widget-container\">\n\t\t\t\t\t<h2 class=\"elementor-heading-title elementor-size-default\">Stellungnahme Hegewald 2025 von J\u00fcrgen B\u00f6ttcher<\/h2>\t\t\t\t<\/div>\n\t\t\t\t<\/div>\n\t\t\t\t<div class=\"elementor-element elementor-element-8d92167 elementor-widget elementor-widget-text-editor\" data-id=\"8d92167\" data-element_type=\"widget\" data-e-type=\"widget\" data-widget_type=\"text-editor.default\">\n\t\t\t\t<div class=\"elementor-widget-container\">\n\t\t\t\t\t\t\t\t\t<p>\u201eDiese Woche war intensiv. Und sie hat mir wieder gezeigt, dass Haltung und Herz st\u00e4rker sind als jede Schlagzeile.\u201c<\/p><p>Zuerst einmal m\u00f6chte ich mich von Herzen bedanken.<\/p><p>Bei den VDD-Gruppen Schleswig-Holstein und Mecklenburg-Vorpommern f\u00fcr die hervorragenden Reviere und die Organisation \u2013 gerade unter den besonderen Umst\u00e4nden.<\/p><p>Bei den vielen Helfern die man oft vergisst und bei den Revierinhabern, die alles getan haben, um uns diese Hegewald zu erm\u00f6glichen.<\/p><p>Und nat\u00fcrlich bei den Richtern, die nicht nur Zeit, sondern auch Geld investieren, um uns die gr\u00f6\u00dfte Jagdhundepr\u00fcfung \u00fcberhaupt zu erm\u00f6glichen \u2013 die Hegewald.<\/p><p>F\u00fcr mich ist die Hegewald etwas ganz Besonderes.<\/p><p>Ich gehe f\u00fcr diese Pr\u00fcfung die \u201eextra Meile\u201c.<\/p><p>Dort schl\u00e4gt mein Herz, dort trifft sich einmal im Jahr eine gro\u00dfe Familie. Es ist nicht nur eine Hundepr\u00fcfung \u2013 es ist Leidenschaft, Leistung, Freundschaft und Fairness.<\/p><p>Ich habe meine erste Hegewald vor 18 Jahren gef\u00fchrt, auch damals in Schleswig-Holstein, mit meinem ersten selbst gez\u00fcchteten Hund, Aika v Jura-Grund. Und vielleicht war es jetzt mit meiner Bruni die Urenkelin meine letzte dort.<\/p><p>Bruni hat eine ganz besondere Geschichte: Sie und ihr Bruder waren die \u00dcberlebenden eines Wurfes von 15 Welpen. Ihre Mutter lag im Sterben, sie und ihr Bruder wurden vom ersten Tag an mit der Flasche gro\u00dfgezogen \u2013 sogar meine Enkelkinder haben damals mitgeholfen, Tag und Nacht.<\/p><p>Wer das einmal erlebt hat, wei\u00df, dass dadurch eine au\u00dfergew\u00f6hnliche Verbindung entsteht. Diese H\u00fcndin begleitet mich seitdem mit einer unglaublichen Energie, mit Herz und mit Willen.<\/p><p>Nach einer beeindruckenden VJP mit 81 Punkten und einer hervorragenden HZP 196 Pk. (12 Ente) war der Druck nat\u00fcrlich gro\u00df. Bruni galt schon im Vorfeld als Top-H\u00fcndin \u2013 entsprechend genau haben viele hingeschaut. Aber genau das ist ja auch das Sch\u00f6ne an der Hegewald: Hier zeigt sich, wer wirklich Leistung bringt.<\/p><p>Am ersten Tag im Feld hat Bruni eine gro\u00dfartige Arbeit gezeigt \u2013 die Richter haben nach den 3 Spuren einstimmig die Note 12 auf der Spur vergeben und verk\u00fcndet.<\/p><p>Als langj\u00e4hriger Richter sage ich: Was im Feld entschieden wird, muss gelten (egal was im Au\u00dfen erz\u00e4hlt wird) \u2013 sonst stellen wir das ganze Richterwesen infrage.<\/p><p>Am zweiten Tag am Wasser hat Bruni, nachdem sie mich kurz auf die Probe gestellt hat (und damit sicher einigen Zuschauern den Puls nach oben trieb), eine Arbeit gezeigt, bei der selbst die Richter sagten: \u201eWow.\u201c<br \/>Ergebnis: eine 12 am Wasser, eine 12 in der Nase, am Nachmittag folgte bei F\/ H-Werte 10\/10.<\/p><p>Dann kam die Wende:<br \/>Am sp\u00e4ten Nachmittag des zweiten Tages wurde mir ohne plausible Erkl\u00e4rung die 12 des ersten Tages aberkannt (alles was ich noch erg\u00e4nzen k\u00f6nnte w\u00e4ren Interpretationen die nicht sachdienlich<br \/>sind).<\/p><p>Ein kl\u00e4rendes Gespr\u00e4ch (am Abend vor der Ranglistenerstellung) mit mir wurde von der Suchen Leitung abgelehnt. Ich habe mich sachlich gewehrt, Einspruch eingelegt und bekam durch Dirk Mayer, den Gruppenvorsitzenden Essen-Ruhr, gro\u00dfartige Unterst\u00fctzung.<\/p><p>Im Einspruchsverfahren wurden alle drei Richter und die Richteranw\u00e4rterin einzeln befragt und ihre Notizen und Richterb\u00fccher angesehen.<\/p><p>Danke den Richtern f\u00fcr das faire Richten und die aufrichtige Wiedergabe des Gesehenen bei der Befragung vor dem Einspruchsgremium.<\/p><p>Das Ergebnis war eindeutig:<br \/>Die Bruni hat die Leistung erbracht und die 12 voll verdient<br \/>Die 12 wurde wieder eingetragen, und damit war das Ergebnis wiederhergestellt.<\/p><p>Dass das Ganze kommunikativ ungl\u00fccklich lief und die Ver\u00f6ffentlichung einer vorl\u00e4ufigen Rangliste zu Missverst\u00e4ndnissen f\u00fchrte, ist schade. Aber:<\/p><p>Die wichtigste Erkenntnis bleibt \u2013 unser System funktioniert. Die Pr\u00fcfungsordnung, die unabh\u00e4ngige Richterarbeit und der Einspruchsweg haben bewiesen, dass Recht und Fairness siegen.<\/p><p>Besonders erw\u00e4hnen m\u00f6chte ich an dieser Stelle meinen langj\u00e4hrigen Weggef\u00e4hrten und Freund Ludwig.<br \/>Er war bis zur Korrektur Erster \u2013 und hat die Situation mit einer Souver\u00e4nit\u00e4t und sportlichen Gr\u00f6\u00dfe getragen, wie man sie sich nur w\u00fcnschen kann.<br \/>Wir kennen und sch\u00e4tzen uns seit vielen Jahren, haben schon viele Hunde gemeinsam gef\u00fchrt und erlebt.<br \/>Dass er sich trotzdem so gefreut hat, als alles richtiggestellt wurde, sagt viel \u00fcber ihn als Mensch und Hundef\u00fchrer aus.<br \/>Ich habe ihm deshalb auf der B\u00fchne symbolisch meinen Preis \u00fcberlassen \u2013 aus Respekt, Freundschaft und Verbundenheit.<\/p><p>Ich wei\u00df, dass manche irritiert waren oder Dinge anders sehen wollten. Ich wei\u00df auch, dass es Menschen gibt, die mit Halbwahrheiten und Unterstellungen Stimmung machen. Aber auf dieses Niveau steige ich nicht herab.<br \/>Ich m\u00f6chte die Hegewald als das sehen, was sie ist:<\/p><p>Ein gro\u00dfartiges St\u00fcck Jagdhundearbeit, das verbindet \u2013 nicht trennt<br \/>Die Hegewald ist keine B\u00fchne f\u00fcr Eitelkeit, sondern ein Ort, an dem wir zeigen, was unsere Hunde k\u00f6nnen \u2013 und wie stark Gemeinschaft sein kann.<br \/>Dass es diesmal f\u00fcr mich kein \u201eJuhu-Moment\u201c war, ist okay, so ist das Leben.<br \/>Aber das \u00e4ndert nichts an der Erkenntnis:<\/p><p>Wir haben eine Pr\u00fcfung, die zu Recht als die Kr\u00f6nung der Jagdhundearbeit gilt.<br \/>Ich h\u00e4tte mir eine klare Erkl\u00e4rung oder ein Wort des Bedauerns von den Verursachern gew\u00fcnscht \u2013aber das ist kein Beinbruch.<br \/>Nochmal Danke an Dirk Mayer , Herbert Tretter, meiner Gruppe und all die Menschen die an uns geglaubt und uns unterst\u00fctzt haben .<\/p><p>Am Ende z\u00e4hlt, dass niemand benachteiligt wurde, die Leistung steht und die Sache sauber gekl\u00e4rt ist.<br \/>Lasst uns wieder dorthin schauen, wo unser Herz schl\u00e4gt:<br \/>Auf unsere Hunde, die Jagd und was uns verbindet.<br \/>Denn wer Hunde versteht, wei\u00df, wie F\u00fchrung geht.<\/p><p>WMH<br \/>J\u00fcrgen B\u00f6ttcher<\/p>\t\t\t\t\t\t\t\t<\/div>\n\t\t\t\t<\/div>\n\t\t\t\t\t<\/div>\n\t\t\t\t<\/div>\n\t\t\t\t<\/div>\n\t\t","protected":false},"excerpt":{"rendered":"<p>Stellungnahme VDD Nordbayern Stellungnahme Hegewald 2025 von J\u00fcrgen B\u00f6ttcher \u201eDiese Woche war intensiv. Und sie hat mir wieder gezeigt, dass Haltung und Herz st\u00e4rker sind als jede Schlagzeile.\u201c Zuerst einmal [&hellip;]<\/p>\n","protected":false},"author":2,"featured_media":0,"parent":0,"menu_order":0,"comment_status":"closed","ping_status":"closed","template":"","meta":{"footnotes":""},"class_list":["post-740","page","type-page","status-publish","hentry"],"_links":{"self":[{"href":"https:\/\/juragrund.de\/index.php?rest_route=\/wp\/v2\/pages\/740","targetHints":{"allow":["GET"]}}],"collection":[{"href":"https:\/\/juragrund.de\/index.php?rest_route=\/wp\/v2\/pages"}],"about":[{"href":"https:\/\/juragrund.de\/index.php?rest_route=\/wp\/v2\/types\/page"}],"author":[{"embeddable":true,"href":"https:\/\/juragrund.de\/index.php?rest_route=\/wp\/v2\/users\/2"}],"replies":[{"embeddable":true,"href":"https:\/\/juragrund.de\/index.php?rest_route=%2Fwp%2Fv2%2Fcomments&post=740"}],"version-history":[{"count":10,"href":"https:\/\/juragrund.de\/index.php?rest_route=\/wp\/v2\/pages\/740\/revisions"}],"predecessor-version":[{"id":756,"href":"https:\/\/juragrund.de\/index.php?rest_route=\/wp\/v2\/pages\/740\/revisions\/756"}],"wp:attachment":[{"href":"https:\/\/juragrund.de\/index.php?rest_route=%2Fwp%2Fv2%2Fmedia&parent=740"}],"curies":[{"name":"wp","href":"https:\/\/api.w.org\/{rel}","templated":true}]}}